ppose -8*m + 3*m + 780 = 0. Suppose -3*b - m = -4*w, 0 = -2*w - 2*b - 3*b + 104. Calculate the remainder when w is divided by g.
12
Suppose -4*r - 50 = v, 2*r - 154 = 5*v - 2*r. Let x = v - -76. Calculate the remainder when x is divided by 11.
9
Suppose 10 - 2 = 4*z. Let k = 3807 + -3795. Calculate the remainder when k is divided by z.
0
Let w(k) = 5*k + 3. Let s be w(-2). Let d(c) = -c**2 - 6*c + 10. Let b be d(s). Calculate the remainder when 43 is divided by b*-1 + (-54)/(-3).
13
Let k(s) = 2*s + 20. Let i be k(-12). Let u(y) = 0*y - 2*y**2 + 2*y - 5*y**3 + 4*y**3. Calculate the remainder when 70 is divided by u(i).
22
Let l = 311 - 275. What is the remainder when 141 is divided by l?
33
Let w(v) = 2*v**3 + 17*v**2 + 17*v - 8. Let s(j) = 3*j**3 + 33*j**2 + 34*j - 17. Let r(b) = 3*s(b) - 5*w(b). Calculate the remainder when r(15) is divided by 7.
5
Suppose -4*y = 5*v - 50, 3*y + 2*y - 7 = 3*v. Calculate the remainder when (-2)/(-4) + ((-403)/2)/(-13) is divided by v.
4
Let r be ((-18)/4)/((-2)/(-4)). Let f = -93 - -107. Let j = r + f. What is the remainder when j is divided by 2?
1
Let y(b) = -3*b - 9. Let p be y(-4). Let l be 0*(-2 + p/2). Suppose -2*g + 4*g - 58 = l. What is the remainder when g is divided by 8?
5
Let j be (-3)/(-12) + (-30)/(-8). Suppose -2*w = d - 4, j*w - 44 = -5*d + 6*w. Let u = 936 - 922. What is the remainder when u is divided by d?
6
Suppose 0*w - 16 = 2*w + 4*t, -11 = -3*w + t. Suppose c = -w*c + 30. Suppose f - c = -0*f - s, 4*f - 2*s = 58. Calculate the remainder when 51 is divided by f.
12
Let a(b) = b**2 - 3. Let t(z) = -3*z + 24. Let i be t(7). Let k be a(i). What is the remainder when 23 is divided by (9/2)/(k/8)?
5
Suppose -2112 = -o - 11*o. Calculate the remainder when o is divided by 168.
8
Let u(m) = -91*m - 167. What is the remainder when 170 is divided by u(-2)?
5
Let r(j) = j**3 - 14*j**2 + 7*j - 28. Let q be 7/(-2 + -2*5/(-4)). What is the remainder when r(q) is divided by 24?
22
Let a be (330/8)/5*36. Suppose 8*s = a + 343. What is the remainder when s is divided by 28?
24
Let d be ((-140)/15 + 4)/((-4)/(-78)). Let z = d - -112. Calculate the remainder when 28 is divided by z.
4
Suppose 179 = 2*l + 3*c, -24*c + 29*c = 2*l - 219. Calculate the remainder when l is divided by 34.
29
Let x = 14 - 10. Suppose -5*w + 94 = 2*c, 3*c - 118 = -0*w + x*w. Suppose -4*t + 2*t = -30. Calculate the remainder when c is divided by t.
12
Suppose -4*j + 5*p = 35, 2*p + 9 = -0*j - 3*j. Let t be (-95)/15 - 3/18*-2. What is the remainder when 3 is divided by (j + 7)*(-9)/t?
0
Suppose -4 = -16*d + 14*d. Calculate the remainder when 4 is divided by d.
0
What is the remainder when (213 - 56/4)/(0 + 1) is divided by 17?
12
Let g = -1131 + 1198. Calculate the remainder when g is divided by 10.
7
Let j be (1 - 1 - 0)/(-1). Let o(c) = 2*c + 18. What is the remainder when (-10)/(-45) + 1274/18 is divided by o(j)?
17
Calculate the remainder when 46 is divided by (36/(-3))/(-2)*50/30.
6
Suppose -4*i - 68 = -2*x, 0*x - 3*x - 5*i + 124 = 0. What is the remainder when 102 is divided by x?
26
What is the remainder when 100 is divided by (-3)/(-15) - (-3 + 976/(-20))?
48
Let q be -2 + (55 - -4 - 4). Let c = 1345 - q. What is the remainder when c/32 + (-3)/8 is divided by 11?
7
Let p(c) = 5*c**3 + 37*c**2 + 14*c + 14. Suppose -v + 18 = 2*g, 2*g + 3*g = 3*v - 87. What is the remainder when v is divided by p(-7)?
10
Suppose 4*m - 62 = 250. Suppose 0 = 3*z - 5*o - m, 5*z - 33 = 4*z + 4*o. Suppose 24*l - z*l - 66 = 0. What is the remainder when 43 is divided by l?
21
Suppose -3*w + 12 = -s, 5*w - 32 = w - 4*s. Suppose -2*o + 2*i + 79 = 3*o, w*i - 83 = -4*o. Calculate the remainder when 47 is divided by o.
13
Suppose 14*i + 288 = 26*i. Let l(g) = -3*g**3 - g**2 + g. Calculate the remainder when l(-3) is divided by i.
21
Let y = -1017 + 1100. Calculate the remainder when 827 is divided by y.
80
Let n = -197 - -214. What is the remainder when 168 is divided by n?
15
Calculate the remainder when 41 is divided by -42*(-4)/27 - (-2)/(-9).
5
Let a(r) = r**2 - 5*r + 3. What is the remainder when ((8 - 6)*-8)/(-1) is divided by a(6)?
7
Suppose 0 = -38*b + 18221 - 2565. What is the remainder when b is divided by 205?
2
Let r = -105 + 107. Suppose 4*l = -16, -r*d - 3*d + 213 = 3*l. What is the remainder when d is divided by 12?
9
What is the remainder when 2 - 9850/(-18) - 178/801 is divided by 23?
20
Let r = 43 + -31. Suppose -k = -3*s + 20, 3*s = -4*k - 6 + 1. Calculate the remainder when 53 - s - 1/1 is divided by r.
11
Suppose 15*s - 28*s = -2457. Calculate the remainder when s is divided by 33.
24
Let d = -164 + 238. Suppose -308*y + 650 = -99*y - 3321. Calculate the remainder when d is divided by y.
17
Calculate the remainder when (1 + -2)/(69/(-5451)) is divided by 21.
16
Let v = -9 - 0. Let f be v - -10 - (-14)/1. Suppose 25 = 2*w + f. Calculate the remainder when 8 is divided by w.
3
Let d(a) = -a**3 + 8*a**2 - 4*a - 10. Suppose 2*t = 5*t - 9. Suppose u - 53 - 2 = -4*j, t*u = 2*j + 123. What is the remainder when u is divided by d(3)?
20
Let x = -952 + 959. Calculate the remainder when 28 is divided by x.
0
Let s(q) = 5*q**2 + 20*q + 32. What is the remainder when s(-14) is divided by 35?
32
Let q = 61 + -27. Suppose -5*d + q = 2*o, 3*o + 3*d - 36 - 24 = 0. What is the remainder when 86 is divided by o?
20
Let g(p) = 71*p**3 + 2*p**2 - p. What is the remainder when g(1) is divided by 29?
14
Suppose -t - 7*m + 83 = -4*m, 2*t - 158 = -2*m. Calculate the remainder when 307 is divided by t.
76
Suppose -5*y + 3*y - 6 = 0. Let f be ((-3)/(-4))/(y/(-12)). Let s = f + 5. Calculate the remainder when 13 is divided by s.
5
Let k = 41 + -5. What is the remainder when k is divided by 14?
8
Let v = 11483 + -11434. Let q(u) = 2*u**2 + u - 2. What is the remainder when v is divided by q(-4)?
23
Let z = 9 - -12. Suppose 5*u - z = 2*u. Calculate the remainder when 32 is divided by u.
4
Let v(j) = 4*j**2 - 2*j - 1. Let r be v(-1). Suppose r*n + 2*q + 2*q - 64 = 0, 5*q = -4*n + 53. Calculate the remainder when 46 is divided by n.
10
Suppose 3*z - 2*z - q = -30, 5*z + 159 = -4*q. Let r = 43 + z. Let d = -3 + r. Calculate the remainder when 33 is divided by d.
6
Let w(c) = c**2 - 3*c - 63. What is the remainder when 128 is divided by w(12)?
38
Let d = -423 + 812. What is the remainder when d is divided by 98?
95
Let t be (-6)/21 - (-289)/7. Let v = -17 + t. Calculate the remainder when v is divided by 9.
6
Let x = 584 - 495. Calculate the remainder when 889 is divided by x.
88
Suppose 0*l + 62 = 5*z - 2*l, 0 = -z - 5*l + 34. What is the remainder when 25 is divided by z?
11
Let x(y) = -y**2 - y. Let z(t) = -3*t**2 + 23*t + 39. Let q(r) = -2*x(r) + z(r). What is the remainder when q(23) is divided by 22?
19
Let k(m) = 55*m + 351. What is the remainder when 27 is divided by k(-6)?
6
Let t = 1227 + -940. Calculate the remainder when t is divided by 24.
23
Calculate the remainder when 1 + 540/14 - (-3)/7 is divided by 22.
18
Suppose 0 = -2*u + u + 125. Suppose 12*i + 42 = 13*i - m, -4*i - 4*m = -176. Calculate the remainder when u is divided by i.
39
Suppose 5*q + 2*g - 425 = 0, 14*q - 16*q = -4*g - 194. Calculate the remainder when q is divided by 45.
42
Suppose 0 = 4*b - 7 - 5. Let v = 4 + b. Let q = 2 + 11. What is the remainder when q is divided by v?
6
Let t(h) = h**3 - 5*h**2 + 9*h - 7. Let o be t(3). Suppose 121 = o*g + 37. What is the remainder when 80 is divided by g?
38
Let b(s) = s**3 + 12*s**2 - 8*s + 5. What is the remainder when b(-11) is divided by 6/(-32)*4*-36?
25
Let h = 295 - 146. What is the remainder when h is divided by 5?
4
Let a = -88 - -92. Suppose 4*j - 86 = -5*t, -2*j - 64 = -4*t - a*j. What is the remainder when t is divided by 5?
4
Suppose -126*y - 567 = -129*y. Calculate the remainder when y is divided by (-448)/(-42)*(-6)/(-4).
13
Suppose 34 = 19*v - 80. Let s(c) = -2*c - 5*c + 1 + 0. What is the remainder when s(-3) is divided by v?
4
Suppose 58 = k + 57. What is the remainder when 42 + -6 + 2 - (-3 - k) is divided by 15?
12
Let p = 14 + -11. Suppose 0 = 3*a + 2*a + 15, p*x - a = 144. Let l = x - 31. Calculate the remainder when l is divided by 9.
7
What is the remainder when 459 is divided by (-1085)/119 - -9 - (-2352)/51?
45
Supp